3 is divided by 238?
197
What is the remainder when 94 is divided by 36?
22
Calculate the remainder when 234 is divided by 43.
19
Calculate the remainder when 1814 is divided by 204.
182
What is the remainder when 76 is divided by 15?
1
What is the remainder when 314 is divided by 104?
2
Calculate the remainder when 994 is divided by 12.
10
Calculate the remainder when 86 is divided by 44.
42
Calculate the remainder when 886 is divided by 127.
124
Calculate the remainder when 673 is divided by 25.
23
What is the remainder when 252 is divided by 16?
12
Calculate the remainder when 27 is divided by 7.
6
What is the remainder when 1317 is divided by 187?
8
What is the remainder when 10683 is divided by 137?
134
What is the remainder when 344 is divided by 90?
74
What is the remainder when 345 is divided by 12?
9
What is the remainder when 3795 is divided by 38?
33
What is the remainder when 229 is divided by 40?
29
What is the remainder when 570 is divided by 35?
10
Calculate the remainder when 450 is divided by 218.
14
Calculate the remainder when 10120 is divided by 5059.
2
What is the remainder when 314 is divided by 8?
2
What is the remainder when 4351 is divided by 44?
39
What is the remainder when 103 is divided by 22?
15
Calculate the remainder when 28105 is divided by 26.
25
Calculate the remainder when 67 is divided by 54.
13
Calculate the remainder when 27283 is divided by 24.
19
What is the remainder when 106 is divided by 28?
22
Calculate the remainder when 298 is divided by 5.
3
Calculate the remainder when 152 is divided by 14.
12
What is the remainder when 997 is divided by 100?
97
Calculate the remainder when 3587 is divided by 360.
347
Calculate the remainder when 1475 is divided by 491.
2
Calculate the remainder when 990 is divided by 192.
30
Calculate the remainder when 674 is divided by 36.
26
Calculate the remainder when 3191 is divided by 24.
23
What is the remainder when 16 is divided by 5?
1
What is the remainder when 701 is divided by 57?
17
Calculate the remainder when 68 is divided by 9.
5
Calculate the remainder when 5277 is divided by 55.
52
Calculate the remainder when 947 is divided by 19.
16
What is the remainder when 854 is divided by 81?
44
Calculate the remainder when 87 is divided by 7.
3
What is the remainder when 1098 is divided by 278?
264
Calculate the remainder when 90 is divided by 31.
28
Calculate the remainder when 140 is divided by 30.
20
Calculate the remainder when 367 is divided by 22.
15
Calculate the remainder when 560 is divided by 277.
6
What is the remainder when 233 is divided by 77?
2
Calculate the remainder when 268 is divided by 26.
8
What is the remainder when 343 is divided by 67?
8
Calculate the remainder when 380 is divided by 129.
122
Calculate the remainder when 561 is divided by 171.
48
What is the remainder when 1919 is divided by 1912?
7
What is the remainder when 47 is divided by 24?
23
Calculate the remainder when 73 is divided by 42.
31
Calculate the remainder when 118 is divided by 26.
14
What is the remainder when 262 is divided by 53?
50
Calculate the remainder when 96 is divided by 17.
11
What is the remainder when 106 is divided by 30?
16
Calculate the remainder when 5468 is divided by 2720.
28
Calculate the remainder when 504 is divided by 298.
206
Calculate the remainder when 90 is divided by 13.
12
What is the remainder when 1676 is divided by 11?
4
Calculate the remainder when 317 is divided by 20.
17
What is the remainder when 411 is divided by 20?
11
What is the remainder when 494 is divided by 42?
32
What is the remainder when 165 is divided by 35?
25
What is the remainder when 244 is divided by 4?
0
What is the remainder when 488 is divided by 169?
150
What is the remainder when 270 is divided by 39?
36
What is the remainder when 950 is divided by 34?
32
What is the remainder when 1002 is divided by 92?
82
What is the remainder when 3898 is divided by 150?
148
What is the remainder when 776 is divided by 40?
16
What is the remainder when 73 is divided by 20?
13
Calculate the remainder when 337 is divided by 104.
25
Calculate the remainder when 284 is divided by 98.
88
Calculate the remainder when 635 is divided by 66.
41
What is the remainder when 6566 is divided by 199?
198
Calculate the remainder when 304 is divided by 18.
16
Calculate the remainder when 324 is divided by 33.
27
Calculate the remainder when 163 is divided by 5.
3
What is the remainder when 213 is divided by 60?
33
Calculate the remainder when 223 is divided by 75.
73
What is the remainder when 586 is divided by 14?
12
What is the remainder when 98 is divided by 9?
8
What is the remainder when 116 is divided by 20?
16
What is the remainder when 202 is divided by 118?
84
Calculate the remainder when 16650 is divided by 183.
180
What is the remainder when 188 is divided by 26?
6
What is the remainder when 2187 is divided by 15?
12
What is the remainder when 472 is divided by 83?
57
What is the remainder when 87 is divided by 37?
13
Calculate the remainder when 207 is divided by 26.
25
What is the remainder when 118 is divided by 22?
8
What is the remainder when 3441 is divided by 42?
39
What is the remainder when 492 is divided by 45?
42
What is the remainder when 3773 is divided by 102?
101
What is the remainder when 319 is divided by 232?
87
Calculate the remainder when 545 is divided by 6.
5
Calculate the remainder when 87 is divided by 6.
3
Calculate the remainder when 878 is divided by 49.
45
What is the remainder when 124 is divided by 28?
12
What is the remainder when 1227 is divided by 4?
3
What is the remainder when 97 is divided by 35?
27
What is the remainder when 217 is divided by 50?
17
What is the remainder when 1630 is divided by 7?
6
What is the remainder when 501 is divided by 105?
81
Calculate the remainder when 397 is divided by 58.
49
What is the remainder when 5321 is divided by 62?
51
Calculate the remainder when 233 is divided by 26.
25
What is the remainder when 449 is divided by 147?
8
Calculate the remainder when 431 is divided by 185.
61
What is the remainder when 4406 is divided by 18?
14
Calculate the remainder when 19 is divided by 16.
3
What is the remainder when 178 is divided by 80?
18
What is the remainder when 305 is divided by 7?
4
What is the remainder when 427 is divided by 86?
83
What is the remainder when 138 is divided by 28?
26
What is the remainder when 161 is divided by 25?
11
What is the remainder when 389 is divided by 98?
95
Calculate the remainder when 189 is divided by 12.
9
Calculate the remainder when 30 is divided by 16.
14
What is the remainder when 276 is divided by 19?
10
What is the remainder when 175 is divided by 57?
4
What is the remainder when 3594 is divided by 63?
3
What is the remainder when 493 is divided by 62?
59
What is the remainder when 142 is divided by 19?
9
Calculate the remainder when 268 is divided by 12.
4
Calculate the remainder when 88 is divided by 80.
8
What is the remainder when 565 is divided by 196?
173
Calculate the remainder when 91 is divided by 27.
10
What is the remainder when 40278 is divided by 40?
38
What is the remainder when 338 is divided by 19?
15
What is the remainder when 15805 is divided by 32?
29
Calculate the remainder when 7487 is divided by 208.
207
Calculate the remainder when 266 is divided by 75.
41
What is the remainder when 2028 is divided by 101?
8
Calculate the remainder when 134 is divided by 64.
6
Calculate the remainder when 1052 is divided by 16.
12
What is the remainder when 35781 is divided by 497?
494
Calculate the remainder when 187 is divided by 48.
43
Calculate the remainder when 193 is divided by 22.
17
What is the remainder when 488 is divided by 9?
2
Calculate the remainder when 664 is divided by 172.
148
Calculate the remainder when 74493 is divided by 384.
381
What is the remainder when 1620 is divided by 56?
52
What is the remainder when 778 is divided by 114?
94
What is the remainder when 1641 is divided by 49?
24
What is the remainder when 4234 is divided by 26?
22
What is the remainder when 3177 is divided by 60?
57
What is the remainder when 519 is divided by 42?
15
What is the remainder when 334 is divided by 57?
49
What is the remainder when 398 is divided by 106?
80
